
{"id":434,"date":"2007-02-20T08:17:13","date_gmt":"2007-02-20T12:17:13","guid":{"rendered":"http:\/\/www.hahem.co.il\/trueandshocking\/?page_id=434"},"modified":"2010-06-30T09:24:10","modified_gmt":"2010-06-30T06:24:10","slug":"%d7%94%d7%a1%d7%99%d7%a4%d7%95%d7%a8-%d7%94%d7%90%d7%9e%d7%99%d7%aa%d7%99-%d7%95%d7%94%d7%9e%d7%96%d7%a2%d7%96%d7%a2-%d7%a9%d7%9c-%e2%80%93-%d7%a9%d7%90%d7%9c%d7%95%d7%aa-%d7%a0%d7%a4%d7%95%d7%a6%d79","status":"publish","type":"page","link":"https:\/\/www.hahem.co.il\/trueandshocking\/?page_id=434","title":{"rendered":"\u00d7\u00a9\u00d7\u0090\u00d7\u0153\u00d7\u2022\u00d7\u00aa \u00d7\u00a0\u00d7\u00a4\u00d7\u2022\u00d7\u00a6\u00d7\u2022\u00d7\u00aa"},"content":{"rendered":"<p align=\"right\"><strong>\u00d7\u017e\u00d7\u201d \u00d7\u2013\u00d7\u201d \u00d7\u201d\u00d7\u017e\u00d7\u00a7\u00d7\u2022\u00d7\u009d \u00d7\u201d\u00d7\u2013\u00d7\u201d?<\/strong> \u00d7\u017e\u00d7\u2019\u00d7\u2013\u00d7\u2122\u00d7\u0178 \u00d7\u00aa\u00d7\u00a8\u00d7\u2018\u00d7\u2022\u00d7\u00aa. \u00d7\u0090\u00d7\u009d \u00d7\u2122\u00d7\u00a9\u00d7\u0090\u00d7\u0153\u00d7\u2022 \u00d7\u0090\u00d7\u00aa \u00d7\u0090\u00d7\u2122\u00d7\u00aa\u00d7\u017e\u00d7\u00a8 \u00d7\u00a9\u00d7\u0090\u00d7\u0153\u00d7\u00aa\u00d7\u2122\u00d7\u0090\u00d7\u0153 \u00d7\u017e\u00d7\u201d\u00d7\u2122 \u00d7\u00aa\u00d7\u00a8\u00d7\u2018\u00d7\u2022\u00d7\u00aa, \u00d7\u201d\u00d7\u2022\u00d7\u0090 \u00d7\u2022\u00d7\u201c\u00d7\u0090\u00d7\u2122 \u00d7\u2122\u00d7\u0090\u00d7\u017e\u00d7\u00a8 \u00d7\u00a9\u00d7\u2013\u00d7\u201d\u00d7\u2022 \u00d7\u203a\u00d7\u0153 \u00d7\u201c\u00d7\u2018\u00d7\u00a8 \u00d7\u00a9\u00d7\u0090\u00d7\u00a4\u00d7\u00a9\u00d7\u00a8 \u00d7\u0153\u00d7\u2018\u00d7\u2014\u00d7\u2022\u00d7\u0178 \u00d7\u0090\u00d7\u00aa \u00d7\u201d\u00d7\u00aa\u00d7\u00a4\u00d7\u00a7\u00d7\u2022\u00d7\u201c\u00d7\u2122\u00d7\u009d \u00d7\u201d\u00d7\u017e\u00d7\u2018\u00d7\u00a0\u00d7\u2122\u00d7\u2122\u00d7\u009d \u00d7\u00a9\u00d7\u0153\u00d7\u2022. \u00d7\u0090\u00d7\u009d \u00d7\u00aa\u00d7\u00a9\u00d7\u0090\u00d7\u0153\u00d7\u2022 \u00d7\u0090\u00d7\u00aa \u00d7\u017e\u00d7\u2122\u00d7\u02dc\u00d7\u0153 \u00d7\u00a9\u00d7\u00a8\u00d7\u2022\u00d7\u0178 \u00d7\u017e\u00d7\u201d\u00d7\u2122 \u00d7\u00aa\u00d7\u00a8\u00d7\u2018\u00d7\u2022\u00d7\u00aa, \u00d7\u201d\u00d7\u2122\u00d7\u0090 \u00d7\u2022\u00d7\u201c\u00d7\u0090\u00d7\u2122 \u00d7\u00aa\u00d7\u0090\u00d7\u017e\u00d7\u00a8 \u00d7\u00a9\u00d7\u203a\u00d7\u0153 \u00d7\u201c\u00d7\u2018\u00d7\u00a8 \u00d7\u00a9\u00d7\u0090\u00d7\u00a4\u00d7\u00a9\u00d7\u00a8 \u00d7\u0153\u00d7\u2018\u00d7\u2014\u00d7\u2022\u00d7\u0178 \u00d7\u0090\u00d7\u00aa \u00d7\u2122\u00d7\u2014\u00d7\u00a1\u00d7\u2122 \u00d7\u201d\u00d7\u203a\u00d7\u2022\u00d7\u2014\u00d7\u2022\u00d7\u00aa \u00d7\u2018\u00d7\u2022. \u00d7\u2013\u00d7\u201d\u00d7\u2022, \u00d7\u0090\u00d7\u009d \u00d7\u203a\u00d7\u0178, \u00d7\u017e\u00d7\u2019\u00d7\u2013\u00d7\u2122\u00d7\u0178 \u00d7\u00a2\u00d7\u0153 \u00d7\u2122\u00d7\u2014\u00d7\u00a1\u00d7\u2122 \u00d7\u203a\u00d7\u2022\u00d7\u2014\u00d7\u2022\u00d7\u00aa \u00d7\u2022\u00d7\u017e\u00d7\u2018\u00d7\u00a0\u00d7\u2122\u00d7\u009d.<\/p>\n<p align=\"right\"><strong>\u00d7\u2013\u00d7\u201d \u00d7\u00a8\u00d7\u00a7 \u00d7\u0090\u00d7\u00aa\u00d7\u009d?<\/strong> \u00d7\u0090\u00d7\u00a0\u00d7\u2014\u00d7\u00a0\u00d7\u2022, \u00d7\u017e\u00d7\u2122\u00d7\u02dc\u00d7\u0153 \u00d7\u2022\u00d7\u0090\u00d7\u2122\u00d7\u00aa\u00d7\u017e\u00d7\u00a8, \u00d7\u201d\u00d7\u017e\u00d7\u00a4\u00d7\u00a2\u00d7\u2122\u00d7\u0153\u00d7\u2122\u00d7\u009d \u00d7\u00a9\u00d7\u0153 \u00d7\u017e\u00d7\u2019\u00d7\u2013\u00d7\u2122\u00d7\u0178 \u00d7\u201d\u00d7\u00aa\u00d7\u00a8\u00d7\u2018\u00d7\u2022\u00d7\u00aa, \u00d7\u2122\u00d7\u00a2\u00d7\u00a0\u00d7\u2122 \u00d7\u0090\u00d7\u2018 \u00d7\u201d\u00d7\u2018\u00d7\u2122\u00d7\u00aa. \u00d7\u0090\u00d7\u2018\u00d7\u0153 \u00d7\u0090\u00d7\u00a0\u00d7\u2014\u00d7\u00a0\u00d7\u2022 \u00d7\u0153\u00d7\u0090 \u00d7\u201d\u00d7\u00a2\u00d7\u2022\u00d7\u00a8\u00d7\u203a\u00d7\u2122\u00d7\u009d &#8211; \u00d7\u203a\u00d7\u0153 \u00d7\u017e\u00d7\u2122 \u00d7\u00a9\u00d7\u00a8\u00d7\u2022\u00d7\u00a6\u00d7\u201d \u00d7\u0153\u00d7\u203a\u00d7\u00aa\u00d7\u2022\u00d7\u2018 \u00d7\u017e\u00d7\u2022\u00d7\u2013\u00d7\u017e\u00d7\u0178 \u00d7\u017e\u00d7\u0090\u00d7\u201c \u00d7\u0153\u00d7\u00a2\u00d7\u00a9\u00d7\u2022\u00d7\u00aa \u00d7\u2013\u00d7\u0090\u00d7\u00aa, \u00d7\u2022\u00d7\u2122\u00d7\u00a9 \u00d7\u00a1\u00d7\u2122\u00d7\u203a\u00d7\u2022\u00d7\u2122 \u00d7\u02dc\u00d7\u2022\u00d7\u2018 \u00d7\u00a9\u00d7\u00a0\u00d7\u00a2\u00d7\u0153\u00d7\u201d \u00d7\u2013\u00d7\u0090\u00d7\u00aa. \u00d7\u2022\u00d7\u203a\u00d7\u017e\u00d7\u2022\u00d7\u2018\u00d7\u0178 \u00d7\u00a9\u00d7\u0090\u00d7\u00a0\u00d7\u2014\u00d7\u00a0\u00d7\u2022 \u00d7\u0153\u00d7\u0090 \u00d7\u201d\u00d7\u203a\u00d7\u2022\u00d7\u00aa\u00d7\u2018\u00d7\u2122\u00d7\u009d \u00d7\u201d\u00d7\u2122\u00d7\u2014\u00d7\u2122\u00d7\u201c\u00d7\u2122\u00d7\u009d. \u00d7\u2018\u00d7\u2018\u00d7\u00a8 \u00d7\u201d\u00d7\u2122\u00d7\u017e\u00d7\u00a0\u00d7\u2122 \u00d7\u2018\u00d7\u00a2\u00d7\u017e\u00d7\u2022\u00d7\u201c \u00d7\u201d\u00d7\u00a8\u00d7\u0090\u00d7\u00a9\u00d7\u2122 \u00d7\u0090\u00d7\u00a4\u00d7\u00a9\u00d7\u00a8 \u00d7\u0153\u00d7\u017e\u00d7\u00a6\u00d7\u2022\u00d7\u0090 \u00d7\u0090\u00d7\u00aa \u00d7\u00a8\u00d7\u00a9\u00d7\u2122\u00d7\u017e\u00d7\u00aa \u00d7\u203a\u00d7\u0153 \u00d7\u201d\u00d7\u203a\u00d7\u2022\u00d7\u00aa\u00d7\u2018\u00d7\u2122\u00d7\u009d \u00d7\u2022\u00d7\u203a\u00d7\u0153 \u00d7\u201d\u00d7\u201c\u00d7\u2018\u00d7\u00a8\u00d7\u2122\u00d7\u009d \u00d7\u00a9\u00d7\u203a\u00d7\u00aa\u00d7\u2018\u00d7\u2022 \u00d7\u0090\u00d7\u00a6\u00d7\u0153\u00d7\u00a0\u00d7\u2022.<\/p>\n<p align=\"right\"><strong>\u00d7\u0090\u00d7\u2122\u00d7\u0161 \u00d7\u201d\u00d7\u203a\u00d7\u0153 \u00d7\u201d\u00d7\u00aa\u00d7\u2014\u00d7\u2122\u00d7\u0153?<\/strong> \u00d7\u2018\u00d7\u00a2\u00d7\u00a8\u00d7\u0161 \u00d7\u2018\u00d7\u2014\u00d7\u2022\u00d7\u201c\u00d7\u00a9 \u00d7\u00a4\u00d7\u2018\u00d7\u00a8\u00d7\u2022\u00d7\u0090\u00d7\u00a8 2005 \u00d7\u00a7\u00d7\u00a8\u00d7\u0090\u00d7\u201d \u00d7\u017e\u00d7\u2122\u00d7\u02dc\u00d7\u0153 \u00d7\u203a\u00d7\u00aa\u00d7\u2018\u00d7\u201d \u00d7\u00a2\u00d7\u0153\/\u00d7\u00a2\u00d7\u009d \u00d7\u017e\u00d7\u00a0\u00d7\u2014\u00d7\u009d \u00d7\u2018\u00d7\u0178\/\u00d7\u00a4\u00d7\u00a8\u00d7\u2122 (\u00d7\u201d\u00d7\u00a4\u00d7\u00a8\u00d7\u02dc\u00d7\u2122\u00d7\u009d \u00d7\u201d\u00d7\u017e\u00d7\u201c\u00d7\u2022\u00d7\u2122\u00d7\u2122\u00d7\u00a7\u00d7\u2122\u00d7\u009d \u00d7\u0090\u00d7\u2122\u00d7\u00a0\u00d7\u009d \u00d7\u00a2\u00d7\u017e\u00d7\u00a0\u00d7\u2022 \u00d7\u00a2\u00d7\u2022\u00d7\u201c), \u00d7\u2018\u00d7\u0090\u00d7\u201d \u00d7\u0153\u00d7\u00a0\u00d7\u00a2\u00d7\u00a0\u00d7\u00a2 \u00d7\u2022\u00d7\u201d\u00d7\u00a8\u00d7\u0090\u00d7\u00aa\u00d7\u201d \u00d7\u0090\u00d7\u2022\u00d7\u00aa\u00d7\u201d \u00d7\u0153\u00d7\u0090\u00d7\u2122\u00d7\u00aa\u00d7\u017e\u00d7\u00a8. \u00d7\u00a9\u00d7\u00a0\u00d7\u2122\u00d7\u201d\u00d7\u009d \u00d7\u201d\u00d7\u0153\u00d7\u203a\u00d7\u2022 \u00d7\u0153\u00d7\u00a2\u00d7\u00a9\u00d7\u0178 \u00d7\u00a1\u00d7\u2122\u00d7\u2019\u00d7\u00a8\u00d7\u2122\u00d7\u201d \u00d7\u2022\u00d7\u0153\u00d7\u201d\u00d7\u00aa\u00d7\u00a2\u00d7\u00a6\u00d7\u2018\u00d7\u0178 \u00d7\u00a2\u00d7\u0153\u00d7\u2122\u00d7\u201d \u00d7\u2018\u00d7\u2122\u00d7\u2014\u00d7\u201c. \u00d7\u2022\u00d7\u0090\u00d7\u2013 \u00d7\u017e\u00d7\u2122\u00d7\u02dc\u00d7\u0153 \u00d7\u0090\u00d7\u017e\u00d7\u00a8\u00d7\u201d: \u00d7\u201d\u00d7\u2122\u00d7\u2122, \u00d7\u0090\u00d7\u00a0\u00d7\u2014\u00d7\u00a0\u00d7\u2022 \u00d7\u00a6\u00d7\u00a8\u00d7\u2122\u00d7\u203a\u00d7\u2122\u00d7\u009d \u00d7\u0153\u00d7\u00a2\u00d7\u00a9\u00d7\u2022\u00d7\u00aa \u00d7\u017e\u00d7\u00a7\u00d7\u2022\u00d7\u009d \u00d7\u00a9\u00d7\u2122\u00d7\u201d\u00d7\u2122\u00d7\u201d \u00d7\u00a0\u00d7\u00a7\u00d7\u2122 \u00d7\u017e\u00d7\u017e\u00d7\u00a0\u00d7\u2014\u00d7\u017e\u00d7\u2122\u00d7\u009d. \u00d7\u0153\u00d7\u0090 \u00d7\u2014\u00d7\u00a9\u00d7\u2018\u00d7\u201d \u00d7\u00a9\u00d7\u2122\u00d7\u2122\u00d7\u00a6\u00d7\u0090 \u00d7\u017e\u00d7\u2013\u00d7\u201d \u00d7\u017e\u00d7\u00a9\u00d7\u201d\u00d7\u2022, \u00d7\u203a\u00d7\u017e\u00d7\u2022\u00d7\u2018\u00d7\u0178. \u00d7\u0090\u00d7\u2018\u00d7\u0153 \u00d7\u0090\u00d7\u2122\u00d7\u00aa\u00d7\u017e\u00d7\u00a8 \u00d7\u0090\u00d7\u017e\u00d7\u00a8: \u00d7\u0090\u00d7\u00aa \u00d7\u00aa\u00d7\u00a4\u00d7\u00aa\u00d7\u2014\u00d7\u2122 \u00d7\u0090\u00d7\u00aa \u00d7\u201d\u00d7\u2018\u00d7\u0153\u00d7\u2022\u00d7\u2019 \u00d7\u2022\u00d7\u0090\u00d7\u00a0\u00d7\u2122 \u00d7\u0090\u00d7\u00a2\u00d7\u00a9\u00d7\u201d \u00d7\u0090\u00d7\u00aa \u00d7\u201d\u00d7\u00a2\u00d7\u2122\u00d7\u00a6\u00d7\u2022\u00d7\u2018 \u00d7\u0153\u00d7\u203a\u00d7\u2022\u00d7\u00aa\u00d7\u00a8\u00d7\u00aa. \u00d7\u2022\u00d7\u203a\u00d7\u0161 \u00d7\u201d\u00d7\u2122\u00d7\u201d. \u00d7\u017e\u00d7\u0090\u00d7\u2013, \u00d7\u0090\u00d7\u00a3 \u00d7\u0090\u00d7\u2014\u00d7\u201c \u00d7\u017e\u00d7\u0090\u00d7\u2122\u00d7\u00aa\u00d7\u00a0\u00d7\u2022 \u00d7\u0153\u00d7\u0090 \u00d7\u2018\u00d7\u00a0\u00d7\u00a2\u00d7\u00a0\u00d7\u00a2, \u00d7\u0090\u00d7\u2122\u00d7\u00aa\u00d7\u017e\u00d7\u00a8 \u00d7\u201d\u00d7\u00a4\u00d7\u00a1\u00d7\u2122\u00d7\u00a7 \u00d7\u0153\u00d7\u00a2\u00d7\u00a9\u00d7\u0178 \u00d7\u2022\u00d7\u00a0\u00d7\u203a\u00d7\u00aa\u00d7\u2018\u00d7\u2022 \u00d7\u2122\u00d7\u2022\u00d7\u00aa\u00d7\u00a8 \u00d7\u017e\u00d7\u017e\u00d7\u0090\u00d7\u201d \u00d7\u2022\u00d7\u2014\u00d7\u017e\u00d7\u2122\u00d7\u00a9\u00d7\u2122\u00d7\u009d \u00d7\u00a4\u00d7\u2022\u00d7\u00a1\u00d7\u02dc\u00d7\u2122\u00d7\u009d.<\/p>\n<p align=\"right\"><strong>\u00d7\u0090\u00d7\u2122\u00d7\u00a4\u00d7\u201d \u00d7\u203a\u00d7\u201c\u00d7\u0090\u00d7\u2122 \u00d7\u0153\u00d7\u201d\u00d7\u00aa\u00d7\u2014\u00d7\u2122\u00d7\u0153?<\/strong> \u00d7\u0090\u00d7\u00a4\u00d7\u00a9\u00d7\u00a8 \u00d7\u0153\u00d7\u201d\u00d7\u00aa\u00d7\u2014\u00d7\u2122\u00d7\u0153 <a href=\"http:\/\/www.hahem.co.il\/trueandshocking\/?p=219\" onkeypress=\"window.open(this.href);return false;\" onclick=\"window.open(this.href);return false;\">\u00d7\u2018\u00d7\u017e\u00d7\u00a0\u00d7\u2122\u00d7\u00a4\u00d7\u00a1\u00d7\u02dc<\/a> \u00d7\u00a9\u00d7\u2018\u00d7\u2022 \u00d7\u017e\u00d7\u00a1\u00d7\u2018\u00d7\u2122\u00d7\u00a8 \u00d7\u0090\u00d7\u2122\u00d7\u00aa\u00d7\u017e\u00d7\u00a8 \u00d7\u0090\u00d7\u00aa \u00d7\u017e\u00d7\u00a1\u00d7\u2019\u00d7\u00a8\u00d7\u00aa \u00d7\u201d\u00d7\u203a\u00d7\u00aa\u00d7\u2122\u00d7\u2018\u00d7\u201d \u00d7\u2018\u00d7\u2018\u00d7\u0153\u00d7\u2022\u00d7\u2019, \u00d7\u2022\u00d7\u017e\u00d7\u2122\u00d7\u2122\u00d7\u201c \u00d7\u017e\u00d7\u00a0\u00d7\u00a4\u00d7\u00a5 \u00d7\u0090\u00d7\u2022\u00d7\u00aa\u00d7\u201d. \u00d7\u0090\u00d7\u00a4\u00d7\u00a9\u00d7\u00a8 \u00d7\u2019\u00d7\u009d \u00d7\u0153\u00d7\u201d\u00d7\u00aa\u00d7\u2014\u00d7\u2122\u00d7\u0153 \u00d7\u2018\u00d7\u00a4\u00d7\u00a8\u00d7\u2022\u00d7\u2122\u00d7\u2122\u00d7\u00a7\u00d7\u02dc\u00d7\u2122\u00d7\u009d \u00d7\u00a9\u00d7\u2022\u00d7\u00a0\u00d7\u2122\u00d7\u009d \u00d7\u00a9\u00d7\u00a2\u00d7\u00a9\u00d7\u2122\u00d7\u00a0\u00d7\u2022 \u00d7\u0153\u00d7\u0090\u00d7\u2022\u00d7\u00a8\u00d7\u0161 \u00d7\u201d\u00d7\u00a9\u00d7\u00a0\u00d7\u00aa\u00d7\u2122\u00d7\u2122\u00d7\u009d \u00d7\u201d\u00d7\u0090\u00d7\u2014\u00d7\u00a8\u00d7\u2022\u00d7\u00a0\u00d7\u2022\u00d7\u00aa, \u00d7\u2022\u00d7\u2013\u00d7\u203a\u00d7\u2022 \u00d7\u0153\u00d7\u201d\u00d7\u00a8\u00d7\u2018\u00d7\u201d \u00d7\u0090\u00d7\u201d\u00d7\u2018\u00d7\u201d, \u00d7\u203a\u00d7\u017e\u00d7\u2022 \u00d7\u00aa<a href=\"http:\/\/www.hahem.co.il\/trueandshocking\/?p=310\" onkeypress=\"window.open(this.href);return false;\" onclick=\"window.open(this.href);return false;\">\u00d7\u2014\u00d7\u00a8\u00d7\u2022\u00d7\u00aa \u00d7\u201d\u00d7\u00a1\u00d7\u2122\u00d7\u00a4\u00d7\u2022\u00d7\u00a8 \u00d7\u201d\u00d7\u00a7\u00d7\u00a6\u00d7\u00a8<\/a> \u00d7\u0090\u00d7\u2022 <a href=\"http:\/\/www.hahem.co.il\/trueandshocking\/?p=390\" onkeypress=\"window.open(this.href);return false;\" onclick=\"window.open(this.href);return false;\">\u00d7\u00a4\u00d7\u00a8\u00d7\u2022\u00d7\u2122\u00d7\u2122\u00d7\u00a7\u00d7\u02dc \u00d7\u201d\u00d7\u00a2\u00d7\u2018\u00d7\u2022\u00d7\u201c\u00d7\u201d<\/a>.<\/p>\n<p align=\"right\"><strong>\u00d7\u017e\u00d7\u201d \u00d7\u201d\u00d7\u00a7\u00d7\u00a9\u00d7\u00a8 \u00d7\u2018\u00d7\u2122\u00d7\u0178 \u00d7\u017e\u00d7\u201c\u00d7\u2022\u00d7\u2013\u00d7\u2022\u00d7\u00aa \u00d7\u0153\u00d7\u00aa\u00d7\u00a8\u00d7\u2018\u00d7\u2022\u00d7\u00aa?<\/strong> \u00d7\u2122\u00d7\u2022\u00d7\u009d \u00d7\u0090\u00d7\u2014\u00d7\u201c \u00d7\u2018\u00d7\u00a9\u00d7\u00a0\u00d7\u00aa 2005 \u00d7\u201d\u00d7\u2014\u00d7\u0153\u00d7\u2122\u00d7\u02dc\u00d7\u2022 \u00d7\u2018\u00d7\u00a0\u00d7\u00a2\u00d7\u00a0\u00d7\u00a2 \u00d7\u0153\u00d7\u00a2\u00d7\u00a9\u00d7\u2022\u00d7\u00aa \u00d7\u00a4\u00d7\u00a8\u00d7\u2022\u00d7\u2122\u00d7\u2122\u00d7\u00a7\u00d7\u02dc \u00d7\u017e\u00d7\u201c\u00d7\u2022\u00d7\u2013\u00d7\u2022\u00d7\u00aa. \u00d7\u2019\u00d7\u2122\u00d7\u2122\u00d7\u00a1\u00d7\u2022 \u00d7\u0090\u00d7\u00aa \u00d7\u203a\u00d7\u0153 \u00d7\u00a2\u00d7\u2022\u00d7\u00a8\u00d7\u203a\u00d7\u2122 \u00d7\u201d\u00d7\u00a2\u00d7\u00a8\u00d7\u2022\u00d7\u00a6\u00d7\u2122\u00d7\u009d \u00d7\u2022\u00d7\u0090\u00d7\u00aa \u00d7\u203a\u00d7\u0153 \u00d7\u201d\u00d7\u203a\u00d7\u2022\u00d7\u00aa\u00d7\u2018\u00d7\u2122\u00d7\u009d \u00d7\u2022\u00d7\u0090\u00d7\u017e\u00d7\u00a8\u00d7\u2022 \u00d7\u0153\u00d7\u201d\u00d7\u009d: \u00d7\u00a6\u00d7\u00a8\u00d7\u2122\u00d7\u0161 \u00d7\u00a4\u00d7\u00a8\u00d7\u2022\u00d7\u2122\u00d7\u2122\u00d7\u00a7\u00d7\u02dc \u00d7\u017e\u00d7\u201c\u00d7\u2022\u00d7\u2013\u00d7\u2022\u00d7\u00aa. \u00d7\u2018\u00d7\u00a8\u00d7\u2022\u00d7\u00a8 \u00d7\u0153\u00d7\u203a\u00d7\u0153 \u00d7\u2018\u00d7\u00a8 \u00d7\u201c\u00d7\u00a2\u00d7\u00aa \u00d7\u203a\u00d7\u2122 \u00d7\u201d\u00d7\u017e\u00d7\u201c\u00d7\u2022\u00d7\u2013\u00d7\u2022\u00d7\u00aa, \u00d7\u00a2\u00d7\u0153 \u00d7\u0090\u00d7\u00a3 \u00d7\u00a6\u00d7\u2018\u00d7\u00a2\u00d7\u2122\u00d7\u201d\u00d7\u0178 \u00d7\u201d\u00d7\u017e\u00d7\u00a8\u00d7\u201d\u00d7\u2122\u00d7\u2018\u00d7\u2122\u00d7\u009d \u00d7\u2022\u00d7\u201d\u00d7\u2019\u00d7\u2022\u00d7\u00a2\u00d7\u0153 \u00d7\u00a9\u00d7\u201d\u00d7\u0178 \u00d7\u017e\u00d7\u00a2\u00d7\u2022\u00d7\u00a8\u00d7\u00a8\u00d7\u2022\u00d7\u00aa, \u00d7\u0090\u00d7\u2122\u00d7\u00a0\u00d7\u0178 \u00d7\u00a8\u00d7\u0090\u00d7\u2022\u00d7\u2122\u00d7\u2022\u00d7\u00aa \u00d7\u0153\u00d7\u00a4\u00d7\u00a8\u00d7\u2022\u00d7\u2122\u00d7\u2122\u00d7\u00a7\u00d7\u02dc \u00d7\u00a2\u00d7\u2122\u00d7\u00aa\u00d7\u2022\u00d7\u00a0\u00d7\u0090\u00d7\u2122 \u00d7\u017e\u00d7\u00a7\u00d7\u2122\u00d7\u00a3 \u00d7\u00a9\u00d7\u203a\u00d7\u2013\u00d7\u201d. \u00d7\u0090\u00d7\u2018\u00d7\u0153 \u00d7\u201d\u00d7\u2122\u00d7\u017e\u00d7\u2122\u00d7\u009d \u00d7\u201d\u00d7\u2122\u00d7\u2022 \u00d7\u2122\u00d7\u017e\u00d7\u2122 \u00d7\u201d\u00d7\u00a7\u00d7\u2122\u00d7\u00a5, \u00d7\u2014\u00d7\u2022\u00d7\u017e\u00d7\u00a8\u00d7\u2122\u00d7\u009d \u00d7\u0153\u00d7\u203a\u00d7\u00aa\u00d7\u2122\u00d7\u2018\u00d7\u201d \u00d7\u0153\u00d7\u0090 \u00d7\u201d\u00d7\u2122\u00d7\u2022 \u00d7\u2022\u00d7\u2013\u00d7\u2022\u00d7\u00a0\u00d7\u2022\u00d7\u00aa \u00d7\u00aa\u00d7\u2022\u00d7\u203a\u00d7\u0178 \u00d7\u201d\u00d7\u2122\u00d7\u2022 \u00d7\u2019\u00d7\u009d \u00d7\u201d\u00d7\u2122\u00d7\u2022. \u00d7\u2022\u00d7\u203a\u00d7\u0161 \u00d7\u2122\u00d7\u00a6\u00d7\u0090 \u00d7\u00a4\u00d7\u00a8\u00d7\u2022\u00d7\u2122\u00d7\u2122\u00d7\u00a7\u00d7\u02dc \u00d7\u201d\u00d7\u017e\u00d7\u201c\u00d7\u2022\u00d7\u2013\u00d7\u2022\u00d7\u00aa \u00d7\u0153\u00d7\u201c\u00d7\u00a8\u00d7\u0161. \u00d7\u00a4\u00d7\u00a9\u00d7\u2022\u00d7\u02dc, \u00d7\u203a\u00d7\u2122 \u00d7\u201d\u00d7\u2122\u00d7\u2022 \u00d7\u00a6\u00d7\u00a8\u00d7\u2122\u00d7\u203a\u00d7\u2122\u00d7\u009d \u00d7\u00a7\u00d7\u0153\u00d7\u2122\u00d7\u00a7\u00d7\u2122\u00d7\u009d. \u00d7\u2022\u00d7\u017e\u00d7\u0090\u00d7\u2013 \u00d7\u201d\u00d7\u00a4\u00d7\u0161 \u00d7\u00a4\u00d7\u00a8\u00d7\u2022\u00d7\u2122\u00d7\u2122\u00d7\u00a7\u00d7\u02dc \u00d7\u201d\u00d7\u017e\u00d7\u201c\u00d7\u2022\u00d7\u2013\u00d7\u2022\u00d7\u00aa \u00d7\u00a9\u00d7\u0153 \u00d7\u00a0\u00d7\u00a2\u00d7\u00a0\u00d7\u00a2 \u00d7\u0153\u00d7\u017e\u00d7\u00a9\u00d7\u0153: \u00d7\u203a\u00d7\u0153 \u00d7\u201c\u00d7\u2018\u00d7\u00a8 \u00d7\u00a9\u00d7\u00a0\u00d7\u00a2\u00d7\u00a9\u00d7\u201d \u00d7\u0090\u00d7\u0161 \u00d7\u2022\u00d7\u00a8\u00d7\u00a7 \u00d7\u0153\u00d7\u00a9\u00d7\u009d \u00d7\u201d\u00d7\u2019\u00d7\u2122\u00d7\u201c\u00d7\u2022\u00d7\u0153 \u00d7\u2018\u00d7\u203a\u00d7\u00a0\u00d7\u2122\u00d7\u00a1\u00d7\u2022\u00d7\u00aa \u00d7\u017e\u00d7\u203a\u00d7\u2022\u00d7\u00a0\u00d7\u201d \u00d7\u00a4\u00d7\u00a8\u00d7\u2022\u00d7\u2122\u00d7\u2122\u00d7\u00a7\u00d7\u02dc \u00d7\u201d\u00d7\u017e\u00d7\u201c\u00d7\u2022\u00d7\u2013\u00d7\u2022\u00d7\u00aa.<\/p>\n<p align=\"right\"><strong>\u00d7\u0090\u00d7\u2013 \u00d7\u017e\u00d7\u201d \u00d7\u0090\u00d7\u00aa\u00d7\u009d \u00d7\u00a8\u00d7\u2022\u00d7\u00a6\u00d7\u2122\u00d7\u009d, \u00d7\u2018\u00d7\u00a2\u00d7\u00a6\u00d7\u009d<\/strong> \u00d7\u017e\u00d7\u201d \u00d7\u2013\u00d7\u0090\u00d7\u00aa \u00d7\u0090\u00d7\u2022\u00d7\u017e\u00d7\u00a8\u00d7\u00aa? \u00d7\u0153\u00d7\u00a9\u00d7\u00a0\u00d7\u2022\u00d7\u00aa \u00d7\u0090\u00d7\u00aa \u00d7\u201d\u00d7\u00a2\u00d7\u2022\u00d7\u0153\u00d7\u009d. \u00d7\u0090\u00d7\u00a0\u00d7\u2014\u00d7\u00a0\u00d7\u2022 \u00d7\u00a8\u00d7\u2022\u00d7\u00a6\u00d7\u2122\u00d7\u009d \u00d7\u0153\u00d7\u2122\u00d7\u00a6\u00d7\u2022\u00d7\u00a8 \u00d7\u017e\u00d7\u00a7\u00d7\u2022\u00d7\u009d \u00d7\u00a9\u00d7\u2018\u00d7\u2022 \u00d7\u0090\u00d7\u00a4\u00d7\u00a9\u00d7\u00a8 \u00d7\u0153\u00d7\u201c\u00d7\u2018\u00d7\u00a8 \u00d7\u00a2\u00d7\u0153 \u00d7\u00aa\u00d7\u00a8\u00d7\u2018\u00d7\u2022\u00d7\u00aa \u00d7\u2018\u00d7\u0090\u00d7\u2022\u00d7\u00a4\u00d7\u0178 \u00d7\u00a9\u00d7\u0090\u00d7\u2122\u00d7\u00a0\u00d7\u2022 \u00d7\u00aa\u00d7\u0153\u00d7\u2022\u00d7\u2122 \u00d7\u2018\u00d7\u00a9\u00d7\u2122\u00d7\u00a7\u00d7\u2022\u00d7\u0153\u00d7\u2122 &quot;\u00d7\u017e\u00d7\u201d \u00d7\u0153\u00d7\u2022\u00d7\u201d\u00d7\u02dc&quot;, &quot;\u00d7\u017e\u00d7\u201d \u00d7\u2014\u00d7\u00a9\u00d7\u2022\u00d7\u2018&quot;, &quot;\u00d7\u017e\u00d7\u201d \u00d7\u017e\u00d7\u2018\u00d7\u2122\u00d7\u0090 \u00d7\u00a8\u00d7\u2122\u00d7\u2122\u00d7\u02dc\u00d7\u2122\u00d7\u00a0\u00d7\u2019&quot;, &quot;\u00d7\u017e\u00d7\u201d \u00d7\u017e\u00d7\u00a2\u00d7\u00a0\u00d7\u2122\u00d7\u2122\u00d7\u0178 \u00d7\u0090\u00d7\u00aa \u00d7\u201d\u00d7\u00a7\u00d7\u2022\u00d7\u00a8\u00d7\u0090\u00d7\u2122\u00d7\u009d \u00d7\u00a9\u00d7\u0153\u00d7\u00a0\u00d7\u2022&quot;, &quot;\u00d7\u017e\u00d7\u201d \u00d7\u00a8\u00d7\u0090\u00d7\u2022\u00d7\u2122 \u00d7\u0153\u00d7\u203a\u00d7\u00aa\u00d7\u2122\u00d7\u2018\u00d7\u201d&quot;. \u00d7\u0090\u00d7\u00a0\u00d7\u2014\u00d7\u00a0\u00d7\u2022 \u00d7\u00a8\u00d7\u2022\u00d7\u00a6\u00d7\u2122\u00d7\u009d \u00d7\u0153\u00d7\u2122\u00d7\u00a6\u00d7\u2022\u00d7\u00a8 \u00d7\u017e\u00d7\u00a7\u00d7\u2022\u00d7\u009d \u00d7\u00a9\u00d7\u2018\u00d7\u2022 \u00d7\u0090\u00d7\u00a4\u00d7\u00a9\u00d7\u00a8 \u00d7\u0153\u00d7\u2014\u00d7\u00a9\u00d7\u2022\u00d7\u2018 \u00d7\u2018\u00d7\u00a4\u00d7\u2022\u00d7\u017e\u00d7\u2018\u00d7\u2122. \u00d7\u2022\u00d7\u0090\u00d7\u00a0\u00d7\u2014\u00d7\u00a0\u00d7\u2022 \u00d7\u2019\u00d7\u009d \u00d7\u00a0\u00d7\u00a6\u00d7\u0153\u00d7\u2122\u00d7\u2014.<\/p>\n<p align=\"right\" dir=\"rtl\"><strong>\u00d7\u2019\u00d7\u009d \u00d7\u0090\u00d7\u00a0\u00d7\u2122 \u00d7\u00a8\u00d7\u2022\u00d7\u00a6\u00d7\u201d! <\/strong>\u00d7\u201d\u00d7\u017e\u00d7\u2122\u00d7\u2122\u00d7\u0153 \u00d7\u00a9\u00d7\u0153\u00d7\u00a0\u00d7\u2022 \u00d7\u2122\u00d7\u2022\u00d7\u00a9\u00d7\u2018 \u00d7\u2018\u00d7\u2019'\u00d7\u2122\u00d7\u017e\u00d7\u2122\u00d7\u2122\u00d7\u0153, \u00d7\u2022\u00d7\u00a7\u00d7\u2022\u00d7\u00a8\u00d7\u0090\u00d7\u2122\u00d7\u009d \u00d7\u0090\u00d7\u2022\u00d7\u00aa\u00d7\u2022 hemeitster. \u00d7\u00a9\u00d7\u0153\u00d7\u2014\u00d7\u2022 \u00d7\u2022\u00d7\u0090\u00d7\u009d \u00d7\u2013\u00d7\u201d \u00d7\u00a1\u00d7\u2018\u00d7\u2018\u00d7\u201d, \u00d7\u0090\u00d7\u2013 \u00d7\u2122\u00d7\u201d\u00d7\u2122\u00d7\u201d \u00d7\u02dc\u00d7\u2022\u00d7\u2018.<\/p>\n","protected":false},"excerpt":{"rendered":"<p>\u00d7\u017e\u00d7\u201d \u00d7\u2013\u00d7\u201d \u00d7\u201d\u00d7\u017e\u00d7\u00a7\u00d7\u2022\u00d7\u009d \u00d7\u201d\u00d7\u2013\u00d7\u201d? \u00d7\u017e\u00d7\u2019\u00d7\u2013\u00d7\u2122\u00d7\u0178 \u00d7\u00aa\u00d7\u00a8\u00d7\u2018\u00d7\u2022\u00d7\u00aa. \u00d7\u0090\u00d7\u009d \u00d7\u2122\u00d7\u00a9\u00d7\u0090\u00d7\u0153\u00d7\u2022 \u00d7\u0090\u00d7\u00aa \u00d7\u0090\u00d7\u2122\u00d7\u00aa\u00d7\u017e\u00d7\u00a8 \u00d7\u00a9\u00d7\u0090\u00d7\u0153\u00d7\u00aa\u00d7\u2122\u00d7\u0090\u00d7\u0153 \u00d7\u017e\u00d7\u201d\u00d7\u2122 \u00d7\u00aa\u00d7\u00a8\u00d7\u2018\u00d7\u2022\u00d7\u00aa, \u00d7\u201d\u00d7\u2022\u00d7\u0090 \u00d7\u2022\u00d7\u201c\u00d7\u0090\u00d7\u2122 \u00d7\u2122\u00d7\u0090\u00d7\u017e\u00d7\u00a8 \u00d7\u00a9\u00d7\u2013\u00d7\u201d\u00d7\u2022 \u00d7\u203a\u00d7\u0153 \u00d7\u201c\u00d7\u2018\u00d7\u00a8 \u00d7\u00a9\u00d7\u0090\u00d7\u00a4\u00d7\u00a9\u00d7\u00a8 \u00d7\u0153\u00d7\u2018\u00d7\u2014\u00d7\u2022\u00d7\u0178 \u00d7\u0090\u00d7\u00aa \u00d7\u201d\u00d7\u00aa\u00d7\u00a4\u00d7\u00a7\u00d7\u2022\u00d7\u201c\u00d7\u2122\u00d7\u009d \u00d7\u201d\u00d7\u017e\u00d7\u2018\u00d7\u00a0\u00d7\u2122\u00d7\u2122\u00d7\u009d \u00d7\u00a9\u00d7\u0153\u00d7\u2022. \u00d7\u0090\u00d7\u009d \u00d7\u00aa\u00d7\u00a9\u00d7\u0090\u00d7\u0153\u00d7\u2022 \u00d7\u0090\u00d7\u00aa \u00d7\u017e\u00d7\u2122\u00d7\u02dc\u00d7\u0153 \u00d7\u00a9\u00d7\u00a8\u00d7\u2022\u00d7\u0178 \u00d7\u017e\u00d7\u201d\u00d7\u2122 \u00d7\u00aa\u00d7\u00a8\u00d7\u2018\u00d7\u2022\u00d7\u00aa, \u00d7\u201d\u00d7\u2122\u00d7\u0090 \u00d7\u2022\u00d7\u201c\u00d7\u0090\u00d7\u2122 \u00d7\u00aa\u00d7\u0090\u00d7\u017e\u00d7\u00a8 \u00d7\u00a9\u00d7\u203a\u00d7\u0153 \u00d7\u201c\u00d7\u2018\u00d7\u00a8 \u00d7\u00a9\u00d7\u0090\u00d7\u00a4\u00d7\u00a9\u00d7\u00a8 \u00d7\u0153\u00d7\u2018\u00d7\u2014\u00d7\u2022\u00d7\u0178 \u00d7\u0090\u00d7\u00aa \u00d7\u2122\u00d7\u2014\u00d7\u00a1\u00d7\u2122 \u00d7\u201d\u00d7\u203a\u00d7\u2022\u00d7\u2014\u00d7\u2022\u00d7\u00aa \u00d7\u2018\u00d7\u2022. \u00d7\u2013\u00d7\u201d\u00d7\u2022, \u00d7\u0090\u00d7\u009d \u00d7\u203a\u00d7\u0178, \u00d7\u017e\u00d7\u2019\u00d7\u2013\u00d7\u2122\u00d7\u0178 \u00d7\u00a2\u00d7\u0153 \u00d7\u2122\u00d7\u2014\u00d7\u00a1\u00d7\u2122 \u00d7\u203a\u00d7\u2022\u00d7\u2014\u00d7\u2022\u00d7\u00aa \u00d7\u2022\u00d7\u017e\u00d7\u2018\u00d7\u00a0\u00d7\u2122\u00d7\u009d. \u00d7\u2013\u00d7\u201d \u00d7\u00a8\u00d7\u00a7 \u00d7\u0090\u00d7\u00aa\u00d7\u009d? \u00d7\u0090\u00d7\u00a0\u00d7\u2014\u00d7\u00a0\u00d7\u2022, &hellip; <a href=\"https:\/\/www.hahem.co.il\/trueandshocking\/?page_id=434\" class=\"more-link\">\u05dc\u05d4\u05de\u05e9\u05d9\u05da \u05dc\u05e7\u05e8\u05d5\u05d0 <span class=\"screen-reader-text\">\u00d7\u00a9\u00d7\u0090\u00d7\u0153\u00d7\u2022\u00d7\u00aa \u00d7\u00a0\u00d7\u00a4\u00d7\u2022\u00d7\u00a6\u00d7\u2022\u00d7\u00aa<\/span> <span class=\"meta-nav\">&larr;<\/span><\/a><\/p>\n","protected":false},"author":2,"featured_media":0,"parent":0,"menu_order":0,"comment_status":"closed","ping_status":"open","template":"","meta":{"footnotes":""},"class_list":["post-434","page","type-page","status-publish","hentry"],"_links":{"self":[{"href":"https:\/\/www.hahem.co.il\/trueandshocking\/index.php?rest_route=\/wp\/v2\/pages\/434","targetHints":{"allow":["GET"]}}],"collection":[{"href":"https:\/\/www.hahem.co.il\/trueandshocking\/index.php?rest_route=\/wp\/v2\/pages"}],"about":[{"href":"https:\/\/www.hahem.co.il\/trueandshocking\/index.php?rest_route=\/wp\/v2\/types\/page"}],"author":[{"embeddable":true,"href":"https:\/\/www.hahem.co.il\/trueandshocking\/index.php?rest_route=\/wp\/v2\/users\/2"}],"replies":[{"embeddable":true,"href":"https:\/\/www.hahem.co.il\/trueandshocking\/index.php?rest_route=%2Fwp%2Fv2%2Fcomments&post=434"}],"version-history":[{"count":1,"href":"https:\/\/www.hahem.co.il\/trueandshocking\/index.php?rest_route=\/wp\/v2\/pages\/434\/revisions"}],"predecessor-version":[{"id":1018,"href":"https:\/\/www.hahem.co.il\/trueandshocking\/index.php?rest_route=\/wp\/v2\/pages\/434\/revisions\/1018"}],"wp:attachment":[{"href":"https:\/\/www.hahem.co.il\/trueandshocking\/index.php?rest_route=%2Fwp%2Fv2%2Fmedia&parent=434"}],"curies":[{"name":"wp","href":"https:\/\/api.w.org\/{rel}","templated":true}]}}